{"id":2784,"date":"2020-05-10T22:58:38","date_gmt":"2020-05-10T22:58:38","guid":{"rendered":"https:\/\/www.thefringe.at\/?page_id=2784"},"modified":"2025-04-17T03:06:19","modified_gmt":"2025-04-17T03:06:19","slug":"ueber-uns","status":"publish","type":"page","link":"https:\/\/www.thefringe.at\/?page_id=2784&lang=de","title":{"rendered":"\u00dcber uns"},"content":{"rendered":"\n<div data-carousel-extra='{\"blog_id\":1,\"permalink\":\"https:\\\/\\\/www.thefringe.at\\\/?page_id=2784&#038;lang=de\"}' class=\"wp-block-jetpack-tiled-gallery aligncenter is-style-rectangular\"><div data-carousel-extra='{\"blog_id\":1,\"permalink\":\"https:\\\/\\\/www.thefringe.at\\\/?page_id=2784&#038;lang=de\"}' class=\"tiled-gallery__gallery\"><div data-carousel-extra='{\"blog_id\":1,\"permalink\":\"https:\\\/\\\/www.thefringe.at\\\/?page_id=2784&#038;lang=de\"}' class=\"tiled-gallery__row\"><div data-carousel-extra='{\"blog_id\":1,\"permalink\":\"https:\\\/\\\/www.thefringe.at\\\/?page_id=2784&#038;lang=de\"}' class=\"tiled-gallery__col\" style=\"flex-basis:33.25183%\"><figure class=\"tiled-gallery__item\"><img data-attachment-id=\"3174\" data-permalink=\"https:\/\/www.thefringe.at\/?attachment_id=3174\" data-orig-file=\"https:\/\/www.thefringe.at\/wp-content\/uploads\/2025\/04\/WhatsApp-Bild-2025-04-15-um-14.51.48_458903a8-2.jpg\" data-orig-size=\"900,1278\" data-comments-opened=\"0\" data-image-meta=\"{&quot;aperture&quot;:&quot;0&quot;,&quot;credit&quot;:&quot;&quot;,&quot;camera&quot;:&quot;&quot;,&quot;caption&quot;:&quot;&quot;,&quot;created_timestamp&quot;:&quot;0&quot;,&quot;copyright&quot;:&quot;&quot;,&quot;focal_length&quot;:&quot;0&quot;,&quot;iso&quot;:&quot;0&quot;,&quot;shutter_speed&quot;:&quot;0&quot;,&quot;title&quot;:&quot;&quot;,&quot;orientation&quot;:&quot;0&quot;}\" data-image-title=\"WhatsApp-Bild-2025-04-15-um-14.51.48_458903a8-2\" data-image-description=\"\" data-image-caption=\"\" data-medium-file=\"https:\/\/www.thefringe.at\/wp-content\/uploads\/2025\/04\/WhatsApp-Bild-2025-04-15-um-14.51.48_458903a8-2-600x852.jpg\" data-large-file=\"https:\/\/www.thefringe.at\/wp-content\/uploads\/2025\/04\/WhatsApp-Bild-2025-04-15-um-14.51.48_458903a8-2.jpg\" data-attachment-id=\"3174\" data-permalink=\"https:\/\/www.thefringe.at\/?attachment_id=3174\" data-orig-file=\"https:\/\/www.thefringe.at\/wp-content\/uploads\/2025\/04\/WhatsApp-Bild-2025-04-15-um-14.51.48_458903a8-2.jpg\" data-orig-size=\"900,1278\" data-comments-opened=\"0\" data-image-meta=\"{&quot;aperture&quot;:&quot;0&quot;,&quot;credit&quot;:&quot;&quot;,&quot;camera&quot;:&quot;&quot;,&quot;caption&quot;:&quot;&quot;,&quot;created_timestamp&quot;:&quot;0&quot;,&quot;copyright&quot;:&quot;&quot;,&quot;focal_length&quot;:&quot;0&quot;,&quot;iso&quot;:&quot;0&quot;,&quot;shutter_speed&quot;:&quot;0&quot;,&quot;title&quot;:&quot;&quot;,&quot;orientation&quot;:&quot;0&quot;}\" data-image-title=\"WhatsApp-Bild-2025-04-15-um-14.51.48_458903a8-2\" data-image-description=\"\" data-image-caption=\"\" data-medium-file=\"https:\/\/www.thefringe.at\/wp-content\/uploads\/2025\/04\/WhatsApp-Bild-2025-04-15-um-14.51.48_458903a8-2-600x852.jpg\" data-large-file=\"https:\/\/www.thefringe.at\/wp-content\/uploads\/2025\/04\/WhatsApp-Bild-2025-04-15-um-14.51.48_458903a8-2.jpg\" srcset=\"https:\/\/i1.wp.com\/www.thefringe.at\/wp-content\/uploads\/2025\/04\/WhatsApp-Bild-2025-04-15-um-14.51.48_458903a8-2.jpg?strip=info&#038;w=600&#038;ssl=1 600w,https:\/\/i1.wp.com\/www.thefringe.at\/wp-content\/uploads\/2025\/04\/WhatsApp-Bild-2025-04-15-um-14.51.48_458903a8-2.jpg?strip=info&#038;w=900&#038;ssl=1 900w\" alt=\"\" data-height=\"1278\" data-id=\"3174\" data-link=\"https:\/\/www.thefringe.at\/?attachment_id=3174\" data-url=\"https:\/\/www.thefringe.at\/wp-content\/uploads\/2025\/04\/WhatsApp-Bild-2025-04-15-um-14.51.48_458903a8-2.jpg\" data-width=\"900\" src=\"https:\/\/i1.wp.com\/www.thefringe.at\/wp-content\/uploads\/2025\/04\/WhatsApp-Bild-2025-04-15-um-14.51.48_458903a8-2.jpg?ssl=1\" data-amp-layout=\"responsive\"\/><\/figure><\/div><div data-carousel-extra='{\"blog_id\":1,\"permalink\":\"https:\\\/\\\/www.thefringe.at\\\/?page_id=2784&#038;lang=de\"}' class=\"tiled-gallery__col\" style=\"flex-basis:31.34053%\"><figure class=\"tiled-gallery__item\"><img data-attachment-id=\"3116\" data-permalink=\"https:\/\/www.thefringe.at\/?attachment_id=3116\" data-orig-file=\"https:\/\/www.thefringe.at\/wp-content\/uploads\/2023\/05\/22-1.jpg\" data-orig-size=\"1024,1543\" data-comments-opened=\"0\" data-image-meta=\"{&quot;aperture&quot;:&quot;0&quot;,&quot;credit&quot;:&quot;&quot;,&quot;camera&quot;:&quot;&quot;,&quot;caption&quot;:&quot;&quot;,&quot;created_timestamp&quot;:&quot;0&quot;,&quot;copyright&quot;:&quot;&quot;,&quot;focal_length&quot;:&quot;0&quot;,&quot;iso&quot;:&quot;0&quot;,&quot;shutter_speed&quot;:&quot;0&quot;,&quot;title&quot;:&quot;&quot;,&quot;orientation&quot;:&quot;0&quot;}\" data-image-title=\"22-1\" data-image-description=\"\" data-image-caption=\"\" data-medium-file=\"https:\/\/www.thefringe.at\/wp-content\/uploads\/2023\/05\/22-1-600x904.jpg\" data-large-file=\"https:\/\/www.thefringe.at\/wp-content\/uploads\/2023\/05\/22-1.jpg\" data-attachment-id=\"3116\" data-permalink=\"https:\/\/www.thefringe.at\/?attachment_id=3116\" data-orig-file=\"https:\/\/www.thefringe.at\/wp-content\/uploads\/2023\/05\/22-1.jpg\" data-orig-size=\"1024,1543\" data-comments-opened=\"0\" data-image-meta=\"{&quot;aperture&quot;:&quot;0&quot;,&quot;credit&quot;:&quot;&quot;,&quot;camera&quot;:&quot;&quot;,&quot;caption&quot;:&quot;&quot;,&quot;created_timestamp&quot;:&quot;0&quot;,&quot;copyright&quot;:&quot;&quot;,&quot;focal_length&quot;:&quot;0&quot;,&quot;iso&quot;:&quot;0&quot;,&quot;shutter_speed&quot;:&quot;0&quot;,&quot;title&quot;:&quot;&quot;,&quot;orientation&quot;:&quot;0&quot;}\" data-image-title=\"22-1\" data-image-description=\"\" data-image-caption=\"\" data-medium-file=\"https:\/\/www.thefringe.at\/wp-content\/uploads\/2023\/05\/22-1-600x904.jpg\" data-large-file=\"https:\/\/www.thefringe.at\/wp-content\/uploads\/2023\/05\/22-1.jpg\" srcset=\"https:\/\/i2.wp.com\/www.thefringe.at\/wp-content\/uploads\/2023\/05\/22-1.jpg?strip=info&#038;w=600&#038;ssl=1 600w,https:\/\/i2.wp.com\/www.thefringe.at\/wp-content\/uploads\/2023\/05\/22-1.jpg?strip=info&#038;w=900&#038;ssl=1 900w,https:\/\/i2.wp.com\/www.thefringe.at\/wp-content\/uploads\/2023\/05\/22-1.jpg?strip=info&#038;w=1024&#038;ssl=1 1024w\" alt=\"\" data-height=\"1543\" data-id=\"3116\" data-link=\"https:\/\/www.thefringe.at\/?attachment_id=3116\" data-url=\"https:\/\/www.thefringe.at\/wp-content\/uploads\/2023\/05\/22-1.jpg\" data-width=\"1024\" src=\"https:\/\/i2.wp.com\/www.thefringe.at\/wp-content\/uploads\/2023\/05\/22-1.jpg?ssl=1\" data-amp-layout=\"responsive\"\/><\/figure><\/div><div data-carousel-extra='{\"blog_id\":1,\"permalink\":\"https:\\\/\\\/www.thefringe.at\\\/?page_id=2784&#038;lang=de\"}' class=\"tiled-gallery__col\" style=\"flex-basis:35.40763%\"><figure class=\"tiled-gallery__item\"><img data-attachment-id=\"3175\" data-permalink=\"https:\/\/www.thefringe.at\/?attachment_id=3175\" data-orig-file=\"https:\/\/www.thefringe.at\/wp-content\/uploads\/2025\/04\/WhatsApp-Bild-2025-04-15-um-14.51.48_c6d17818-2.jpg\" data-orig-size=\"1200,1600\" data-comments-opened=\"0\" data-image-meta=\"{&quot;aperture&quot;:&quot;0&quot;,&quot;credit&quot;:&quot;&quot;,&quot;camera&quot;:&quot;&quot;,&quot;caption&quot;:&quot;&quot;,&quot;created_timestamp&quot;:&quot;0&quot;,&quot;copyright&quot;:&quot;&quot;,&quot;focal_length&quot;:&quot;0&quot;,&quot;iso&quot;:&quot;0&quot;,&quot;shutter_speed&quot;:&quot;0&quot;,&quot;title&quot;:&quot;&quot;,&quot;orientation&quot;:&quot;0&quot;}\" data-image-title=\"WhatsApp-Bild-2025-04-15-um-14.51.48_c6d17818-2\" data-image-description=\"\" data-image-caption=\"\" data-medium-file=\"https:\/\/www.thefringe.at\/wp-content\/uploads\/2025\/04\/WhatsApp-Bild-2025-04-15-um-14.51.48_c6d17818-2-600x800.jpg\" data-large-file=\"https:\/\/www.thefringe.at\/wp-content\/uploads\/2025\/04\/WhatsApp-Bild-2025-04-15-um-14.51.48_c6d17818-2.jpg\" data-attachment-id=\"3175\" data-permalink=\"https:\/\/www.thefringe.at\/?attachment_id=3175\" data-orig-file=\"https:\/\/www.thefringe.at\/wp-content\/uploads\/2025\/04\/WhatsApp-Bild-2025-04-15-um-14.51.48_c6d17818-2.jpg\" data-orig-size=\"1200,1600\" data-comments-opened=\"0\" data-image-meta=\"{&quot;aperture&quot;:&quot;0&quot;,&quot;credit&quot;:&quot;&quot;,&quot;camera&quot;:&quot;&quot;,&quot;caption&quot;:&quot;&quot;,&quot;created_timestamp&quot;:&quot;0&quot;,&quot;copyright&quot;:&quot;&quot;,&quot;focal_length&quot;:&quot;0&quot;,&quot;iso&quot;:&quot;0&quot;,&quot;shutter_speed&quot;:&quot;0&quot;,&quot;title&quot;:&quot;&quot;,&quot;orientation&quot;:&quot;0&quot;}\" data-image-title=\"WhatsApp-Bild-2025-04-15-um-14.51.48_c6d17818-2\" data-image-description=\"\" data-image-caption=\"\" data-medium-file=\"https:\/\/www.thefringe.at\/wp-content\/uploads\/2025\/04\/WhatsApp-Bild-2025-04-15-um-14.51.48_c6d17818-2-600x800.jpg\" data-large-file=\"https:\/\/www.thefringe.at\/wp-content\/uploads\/2025\/04\/WhatsApp-Bild-2025-04-15-um-14.51.48_c6d17818-2.jpg\" srcset=\"https:\/\/i1.wp.com\/www.thefringe.at\/wp-content\/uploads\/2025\/04\/WhatsApp-Bild-2025-04-15-um-14.51.48_c6d17818-2.jpg?strip=info&#038;w=600&#038;ssl=1 600w,https:\/\/i1.wp.com\/www.thefringe.at\/wp-content\/uploads\/2025\/04\/WhatsApp-Bild-2025-04-15-um-14.51.48_c6d17818-2.jpg?strip=info&#038;w=900&#038;ssl=1 900w,https:\/\/i1.wp.com\/www.thefringe.at\/wp-content\/uploads\/2025\/04\/WhatsApp-Bild-2025-04-15-um-14.51.48_c6d17818-2.jpg?strip=info&#038;w=1200&#038;ssl=1 1200w\" alt=\"\" data-height=\"1600\" data-id=\"3175\" data-link=\"https:\/\/www.thefringe.at\/?attachment_id=3175\" data-url=\"https:\/\/www.thefringe.at\/wp-content\/uploads\/2025\/04\/WhatsApp-Bild-2025-04-15-um-14.51.48_c6d17818-2.jpg\" data-width=\"1200\" src=\"https:\/\/i1.wp.com\/www.thefringe.at\/wp-content\/uploads\/2025\/04\/WhatsApp-Bild-2025-04-15-um-14.51.48_c6d17818-2.jpg?ssl=1\" data-amp-layout=\"responsive\"\/><\/figure><\/div><\/div><div data-carousel-extra='{\"blog_id\":1,\"permalink\":\"https:\\\/\\\/www.thefringe.at\\\/?page_id=2784&#038;lang=de\"}' class=\"tiled-gallery__row\"><div data-carousel-extra='{\"blog_id\":1,\"permalink\":\"https:\\\/\\\/www.thefringe.at\\\/?page_id=2784&#038;lang=de\"}' class=\"tiled-gallery__col\" style=\"flex-basis:49.97076%\"><figure class=\"tiled-gallery__item\"><img data-attachment-id=\"2799\" data-permalink=\"https:\/\/www.thefringe.at\/?attachment_id=2799\" data-orig-file=\"https:\/\/www.thefringe.at\/wp-content\/uploads\/2020\/05\/3-scaled.jpg\" data-orig-size=\"1706,2560\" data-comments-opened=\"0\" data-image-meta=\"{&quot;aperture&quot;:&quot;0&quot;,&quot;credit&quot;:&quot;&quot;,&quot;camera&quot;:&quot;&quot;,&quot;caption&quot;:&quot;&quot;,&quot;created_timestamp&quot;:&quot;0&quot;,&quot;copyright&quot;:&quot;&quot;,&quot;focal_length&quot;:&quot;0&quot;,&quot;iso&quot;:&quot;0&quot;,&quot;shutter_speed&quot;:&quot;0&quot;,&quot;title&quot;:&quot;&quot;,&quot;orientation&quot;:&quot;0&quot;}\" data-image-title=\"3\" data-image-description=\"\" data-image-caption=\"\" data-medium-file=\"https:\/\/www.thefringe.at\/wp-content\/uploads\/2020\/05\/3-600x900.jpg\" data-large-file=\"https:\/\/www.thefringe.at\/wp-content\/uploads\/2020\/05\/3-1200x1800.jpg\" data-attachment-id=\"2799\" data-permalink=\"https:\/\/www.thefringe.at\/?attachment_id=2799\" data-orig-file=\"https:\/\/www.thefringe.at\/wp-content\/uploads\/2020\/05\/3-scaled.jpg\" data-orig-size=\"1706,2560\" data-comments-opened=\"0\" data-image-meta=\"{&quot;aperture&quot;:&quot;0&quot;,&quot;credit&quot;:&quot;&quot;,&quot;camera&quot;:&quot;&quot;,&quot;caption&quot;:&quot;&quot;,&quot;created_timestamp&quot;:&quot;0&quot;,&quot;copyright&quot;:&quot;&quot;,&quot;focal_length&quot;:&quot;0&quot;,&quot;iso&quot;:&quot;0&quot;,&quot;shutter_speed&quot;:&quot;0&quot;,&quot;title&quot;:&quot;&quot;,&quot;orientation&quot;:&quot;0&quot;}\" data-image-title=\"3\" data-image-description=\"\" data-image-caption=\"\" data-medium-file=\"https:\/\/www.thefringe.at\/wp-content\/uploads\/2020\/05\/3-600x900.jpg\" data-large-file=\"https:\/\/www.thefringe.at\/wp-content\/uploads\/2020\/05\/3-1200x1800.jpg\" srcset=\"https:\/\/i0.wp.com\/www.thefringe.at\/wp-content\/uploads\/2020\/05\/3-scaled.jpg?strip=info&#038;w=600&#038;ssl=1 600w,https:\/\/i0.wp.com\/www.thefringe.at\/wp-content\/uploads\/2020\/05\/3-scaled.jpg?strip=info&#038;w=900&#038;ssl=1 900w,https:\/\/i0.wp.com\/www.thefringe.at\/wp-content\/uploads\/2020\/05\/3-scaled.jpg?strip=info&#038;w=1200&#038;ssl=1 1200w,https:\/\/i0.wp.com\/www.thefringe.at\/wp-content\/uploads\/2020\/05\/3-scaled.jpg?strip=info&#038;w=1500&#038;ssl=1 1500w,https:\/\/i0.wp.com\/www.thefringe.at\/wp-content\/uploads\/2020\/05\/3-scaled.jpg?strip=info&#038;w=1706&#038;ssl=1 1706w\" alt=\"\" data-height=\"2560\" data-id=\"2799\" data-link=\"https:\/\/www.thefringe.at\/?attachment_id=2799\" data-url=\"https:\/\/www.thefringe.at\/wp-content\/uploads\/2020\/05\/3-scaled.jpg\" data-width=\"1706\" src=\"https:\/\/i0.wp.com\/www.thefringe.at\/wp-content\/uploads\/2020\/05\/3-scaled.jpg?ssl=1\" data-amp-layout=\"responsive\"\/><\/figure><\/div><div data-carousel-extra='{\"blog_id\":1,\"permalink\":\"https:\\\/\\\/www.thefringe.at\\\/?page_id=2784&#038;lang=de\"}' class=\"tiled-gallery__col\" style=\"flex-basis:50.02924%\"><figure class=\"tiled-gallery__item\"><img data-attachment-id=\"3009\" data-permalink=\"https:\/\/www.thefringe.at\/?attachment_id=3009\" data-orig-file=\"https:\/\/www.thefringe.at\/wp-content\/uploads\/2021\/11\/14-1.jpg\" data-orig-size=\"1281,1920\" data-comments-opened=\"0\" data-image-meta=\"{&quot;aperture&quot;:&quot;0&quot;,&quot;credit&quot;:&quot;&quot;,&quot;camera&quot;:&quot;&quot;,&quot;caption&quot;:&quot;&quot;,&quot;created_timestamp&quot;:&quot;0&quot;,&quot;copyright&quot;:&quot;&quot;,&quot;focal_length&quot;:&quot;0&quot;,&quot;iso&quot;:&quot;0&quot;,&quot;shutter_speed&quot;:&quot;0&quot;,&quot;title&quot;:&quot;&quot;,&quot;orientation&quot;:&quot;0&quot;}\" data-image-title=\"14-1\" data-image-description=\"\" data-image-caption=\"\" data-medium-file=\"https:\/\/www.thefringe.at\/wp-content\/uploads\/2021\/11\/14-1-600x899.jpg\" data-large-file=\"https:\/\/www.thefringe.at\/wp-content\/uploads\/2021\/11\/14-1-1200x1799.jpg\" data-attachment-id=\"3009\" data-permalink=\"https:\/\/www.thefringe.at\/?attachment_id=3009\" data-orig-file=\"https:\/\/www.thefringe.at\/wp-content\/uploads\/2021\/11\/14-1.jpg\" data-orig-size=\"1281,1920\" data-comments-opened=\"0\" data-image-meta=\"{&quot;aperture&quot;:&quot;0&quot;,&quot;credit&quot;:&quot;&quot;,&quot;camera&quot;:&quot;&quot;,&quot;caption&quot;:&quot;&quot;,&quot;created_timestamp&quot;:&quot;0&quot;,&quot;copyright&quot;:&quot;&quot;,&quot;focal_length&quot;:&quot;0&quot;,&quot;iso&quot;:&quot;0&quot;,&quot;shutter_speed&quot;:&quot;0&quot;,&quot;title&quot;:&quot;&quot;,&quot;orientation&quot;:&quot;0&quot;}\" data-image-title=\"14-1\" data-image-description=\"\" data-image-caption=\"\" data-medium-file=\"https:\/\/www.thefringe.at\/wp-content\/uploads\/2021\/11\/14-1-600x899.jpg\" data-large-file=\"https:\/\/www.thefringe.at\/wp-content\/uploads\/2021\/11\/14-1-1200x1799.jpg\" srcset=\"https:\/\/i2.wp.com\/www.thefringe.at\/wp-content\/uploads\/2021\/11\/14-1.jpg?strip=info&#038;w=600&#038;ssl=1 600w,https:\/\/i2.wp.com\/www.thefringe.at\/wp-content\/uploads\/2021\/11\/14-1.jpg?strip=info&#038;w=900&#038;ssl=1 900w,https:\/\/i2.wp.com\/www.thefringe.at\/wp-content\/uploads\/2021\/11\/14-1.jpg?strip=info&#038;w=1200&#038;ssl=1 1200w,https:\/\/i2.wp.com\/www.thefringe.at\/wp-content\/uploads\/2021\/11\/14-1.jpg?strip=info&#038;w=1281&#038;ssl=1 1281w\" alt=\"\" data-height=\"1920\" data-id=\"3009\" data-link=\"https:\/\/www.thefringe.at\/?attachment_id=3009\" data-url=\"https:\/\/www.thefringe.at\/wp-content\/uploads\/2021\/11\/14-1.jpg\" data-width=\"1281\" src=\"https:\/\/i2.wp.com\/www.thefringe.at\/wp-content\/uploads\/2021\/11\/14-1.jpg?ssl=1\" data-amp-layout=\"responsive\"\/><\/figure><\/div><\/div><\/div><\/div>\n\n\n\n<h2>\u201eThe Fringe\u201c, der perfekte Pony\/die Umrahmung <\/h2>\n\n\n\n<p>..hei\u00dft der Salon des Stylisten Chris Yau. Die akkuraten Schnitte und die ausgefeilten F\u00e4rbetechniken sind die Markenzeichen von Chris Yau und seinem Team. Mitten in Neubau, nahe der wichtigsten Museen, des Parlaments, der Hofburg, schicker Hotels und Bars gelegen, ist er mit \u00f6ffentlichen Verkehrsmitteln leicht erreichbar und l\u00e4dt mit seinem klaren Ambiente ein. <\/p>\n\n\n\n<p>Chris Yau, in Hong Kong geboren, lernte sein Handwerk bei Vidal Sassoon in London, einem der renommiertesten Hair-Stylisten weltweit. Dieses internationale Flair ist auch in \u201eThe Fringe\u201c zu sp\u00fcren. Dort bieten Chris und sein Team den perfekten Schnitt mit brillianten Farben, individuelles Styling und eine stressfrei Atmosph\u00e4re. Dabei ist es selbstverst\u00e4ndlich, internationale Trends in Einklang mit den Bed\u00fcrfnissen der Kunden zu bringen. <\/p>\n\n\n\n<p> Es wird auch Englisch gesprochen.   <\/p>\n\n\n","protected":false},"excerpt":{"rendered":"<p>\u201eThe Fringe\u201c, der perfekte Pony\/die Umrahmung ..hei\u00dft der Salon des&#8230;<\/p>\n","protected":false},"author":2,"featured_media":0,"parent":0,"menu_order":0,"comment_status":"closed","ping_status":"closed","template":"","meta":{"spay_email":""},"_links":{"self":[{"href":"https:\/\/www.thefringe.at\/index.php?rest_route=\/wp\/v2\/pages\/2784"}],"collection":[{"href":"https:\/\/www.thefringe.at\/index.php?rest_route=\/wp\/v2\/pages"}],"about":[{"href":"https:\/\/www.thefringe.at\/index.php?rest_route=\/wp\/v2\/types\/page"}],"author":[{"embeddable":true,"href":"https:\/\/www.thefringe.at\/index.php?rest_route=\/wp\/v2\/users\/2"}],"replies":[{"embeddable":true,"href":"https:\/\/www.thefringe.at\/index.php?rest_route=%2Fwp%2Fv2%2Fcomments&post=2784"}],"version-history":[{"count":24,"href":"https:\/\/www.thefringe.at\/index.php?rest_route=\/wp\/v2\/pages\/2784\/revisions"}],"predecessor-version":[{"id":3178,"href":"https:\/\/www.thefringe.at\/index.php?rest_route=\/wp\/v2\/pages\/2784\/revisions\/3178"}],"wp:attachment":[{"href":"https:\/\/www.thefringe.at\/index.php?rest_route=%2Fwp%2Fv2%2Fmedia&parent=2784"}],"curies":[{"name":"wp","href":"https:\/\/api.w.org\/{rel}","templated":true}]}}